{"id":913,"date":"2018-12-26T00:52:43","date_gmt":"2018-12-25T23:52:43","guid":{"rendered":"https:\/\/www.cvjm-ofterdingen.de\/wp01\/?post_type=tribe_events&#038;p=913"},"modified":"2019-09-21T14:59:20","modified_gmt":"2019-09-21T12:59:20","slug":"kinder-holzbautag-2","status":"publish","type":"tribe_events","link":"https:\/\/www.cvjm-ofterdingen.de\/wp01\/event\/kinder-holzbautag-2\/","title":{"rendered":"Kinder-Bibelfr\u00fchst\u00fcck"},"content":{"rendered":"<p><img loading=\"lazy\" decoding=\"async\" class=\"alignnone size-full wp-image-1020 aligncenter\" src=\"https:\/\/www.cvjm-ofterdingen.de\/wp01\/wp-content\/uploads\/2019\/09\/KiBiFr\u00fchBild.png\" alt=\"\" width=\"745\" height=\"229\" srcset=\"https:\/\/www.cvjm-ofterdingen.de\/wp01\/wp-content\/uploads\/2019\/09\/KiBiFr\u00fchBild.png 745w, https:\/\/www.cvjm-ofterdingen.de\/wp01\/wp-content\/uploads\/2019\/09\/KiBiFr\u00fchBild-300x92.png 300w, https:\/\/www.cvjm-ofterdingen.de\/wp01\/wp-content\/uploads\/2019\/09\/KiBiFr\u00fchBild-500x154.png 500w\" sizes=\"auto, (max-width: 745px) 100vw, 745px\" \/><\/p>\n<p style=\"text-align: center;\"><span style=\"color: #ff0000;\"><strong>KINDER<\/strong><\/span><strong>&#8211;<span style=\"color: #339966;\">BIBEL<\/span>&#8211;<span style=\"color: #3366ff;\">FR\u00dcHST\u00dcCK<\/span><\/strong><\/p>\n<p><strong>\u00a0<\/strong><\/p>\n<p style=\"text-align: center;\"><strong>Ein Fr\u00fchst\u00fcck \u2013 Musik \u2013 spannende Geschichten \u2013 Spiel &amp; Spa\u00df\u00a0 u.v.m. \u2026<\/strong><\/p>\n<p style=\"text-align: center;\"><strong>\u2026 f\u00fcr alle Kinder ab dem Vorschulalter!<\/strong><\/p>\n<p><strong>\u00a0<\/strong><\/p>\n<p><strong>Wann :\u00a0\u00a0\u00a0\u00a0 <u>12. Oktober 2019<\/u><\/strong><\/p>\n<p><strong>\u00a0\u00a0\u00a0\u00a0\u00a0\u00a0\u00a0\u00a0\u00a0\u00a0\u00a0\u00a0\u00a0\u00a0\u00a0\u00a0\u00a0 <u>9.30 Uhr &#8211; 12.30 Uhr<\/u><\/strong><\/p>\n<p><strong>Wo: \u00a0\u00a0\u00a0\u00a0\u00a0\u00a0\u00a0\u00a0 Im <u>Vereinszimmer der Burghofhalle!<\/u><\/strong><\/p>\n<p style=\"text-align: center;\"><strong>\u00a0\u00a0\u00a0\u00a0\u00a0\u00a0\u00a0\u00a0 Wir laden <span style=\"color: #ff0000;\">DICH<\/span> ganz herzlich zu unserem<\/strong><\/p>\n<p><img loading=\"lazy\" decoding=\"async\" class=\"wp-image-1020 aligncenter\" src=\"https:\/\/www.cvjm-ofterdingen.de\/wp01\/wp-content\/uploads\/2019\/09\/KiBiFr\u00fchBild.png\" alt=\"\" width=\"341\" height=\"111\" \/><\/p>\n<p style=\"text-align: center;\"><strong>ein und wir freuen uns auf DICH!!!<\/strong><\/p>\n<p style=\"text-align: center;\"><strong>Dein Vorbereitungsteam des CVJM<\/strong><\/p>\n<p><strong>\u00a0<\/strong><\/p>\n<p style=\"text-align: center;\"><strong>PS: Wer m\u00f6chte darf 1,50 \u20ac f\u00fcr das Fr\u00fchst\u00fcck mitbringen.<\/strong><\/p>\n<p style=\"text-align: right;\"><strong>\u00a0\u00a0\u00a0\u00a0\u00a0\u00a0\u00a0\u00a0 <\/strong><strong> \u00a0\u00a0\u00a0\u00a0\u00a0\u00a0\u00a0\u00a0\u00a0\u00a0\u00a0\u00a0\u00a0\u00a0\u00a0\u00a0\u00a0\u00a0\u00a0\u00a0\u00a0\u00a0\u00a0\u00a0\u00a0\u00a0\u00a0\u00a0\u00a0\u00a0\u00a0\u00a0\u00a0\u00a0\u00a0\u00a0\u00a0\u00a0\u00a0\u00a0\u00a0\u00a0\u00a0\u00a0\u00a0\u00a0\u00a0\u00a0\u00a0\u00a0\u00a0\u00a0\u00a0\u00a0\u00a0\u00a0\u00a0\u00a0\u00a0\u00a0\u00a0\u00a0\u00a0\u00a0\u00a0\u00a0\u00a0\u00a0\u00a0\u00a0\u00a0\u00a0\u00a0\u00a0\u00a0\u00a0\u00a0\u00a0\u00a0\u00a0\u00a0\u00a0\u00a0\u00a0\u00a0\u00a0\u00a0\u00a0\u00a0\u00a0\u00a0\u00a0\u00a0\u00a0 <\/strong><strong>Kontakt: Maria Handte Tel. 737<\/strong><strong>1<\/strong><\/p>\n<p><a href=\"https:\/\/www.cvjm-ofterdingen.de\/wp01\/wp-content\/uploads\/2019\/09\/Einladung-KibIFr\u00fch-2019-1.pdf\">Einladung KibIFr\u00fch 2019<\/a><\/p>\n<p>&nbsp;<\/p>\n","protected":false},"excerpt":{"rendered":"<p>KINDER&#8211;BIBEL&#8211;FR\u00dcHST\u00dcCK \u00a0 Ein Fr\u00fchst\u00fcck \u2013 Musik \u2013 spannende Geschichten \u2013 Spiel &amp; Spa\u00df\u00a0 u.v.m. \u2026 \u2026 f\u00fcr alle Kinder ab dem Vorschulalter! \u00a0 Wann :\u00a0\u00a0\u00a0\u00a0 12. Oktober 2019 \u00a0\u00a0\u00a0\u00a0\u00a0\u00a0\u00a0\u00a0\u00a0\u00a0\u00a0\u00a0\u00a0\u00a0\u00a0\u00a0\u00a0 9.30 Uhr &#8211; 12.30 Uhr Wo: \u00a0\u00a0\u00a0\u00a0\u00a0\u00a0\u00a0\u00a0 Im Vereinszimmer der Burghofhalle! &hellip; <a href=\"https:\/\/www.cvjm-ofterdingen.de\/wp01\/event\/kinder-holzbautag-2\/\">Weiterlesen <span class=\"meta-nav\">&rarr;<\/span><\/a><\/p>\n","protected":false},"author":1,"featured_media":1020,"template":"","meta":{"_tribe_events_status":"","_tribe_events_status_reason":"","footnotes":""},"tags":[35,60,75,101,102,231,104,137],"tribe_events_cat":[175,179,180,181,182,184,186,187],"class_list":["post-913","tribe_events","type-tribe_events","status-publish","has-post-thumbnail","hentry","tag-bibel","tag-essen","tag-fruehstueck","tag-kinder","tag-kinderbibelfruehstueck","tag-kinderprogramm","tag-kirchengemeinde","tag-spielen","tribe_events_cat-bauen","tribe_events_cat-essen","tribe_events_cat-essen-trinken","tribe_events_cat-event","tribe_events_cat-familien","tribe_events_cat-input","tribe_events_cat-kids","tribe_events_cat-kinder","cat_bauen","cat_essen","cat_essen-trinken","cat_event","cat_familien","cat_input","cat_kids","cat_kinder"],"_links":{"self":[{"href":"https:\/\/www.cvjm-ofterdingen.de\/wp01\/wp-json\/wp\/v2\/tribe_events\/913","targetHints":{"allow":["GET"]}}],"collection":[{"href":"https:\/\/www.cvjm-ofterdingen.de\/wp01\/wp-json\/wp\/v2\/tribe_events"}],"about":[{"href":"https:\/\/www.cvjm-ofterdingen.de\/wp01\/wp-json\/wp\/v2\/types\/tribe_events"}],"author":[{"embeddable":true,"href":"https:\/\/www.cvjm-ofterdingen.de\/wp01\/wp-json\/wp\/v2\/users\/1"}],"version-history":[{"count":4,"href":"https:\/\/www.cvjm-ofterdingen.de\/wp01\/wp-json\/wp\/v2\/tribe_events\/913\/revisions"}],"predecessor-version":[{"id":1021,"href":"https:\/\/www.cvjm-ofterdingen.de\/wp01\/wp-json\/wp\/v2\/tribe_events\/913\/revisions\/1021"}],"wp:featuredmedia":[{"embeddable":true,"href":"https:\/\/www.cvjm-ofterdingen.de\/wp01\/wp-json\/wp\/v2\/media\/1020"}],"wp:attachment":[{"href":"https:\/\/www.cvjm-ofterdingen.de\/wp01\/wp-json\/wp\/v2\/media?parent=913"}],"wp:term":[{"taxonomy":"post_tag","embeddable":true,"href":"https:\/\/www.cvjm-ofterdingen.de\/wp01\/wp-json\/wp\/v2\/tags?post=913"},{"taxonomy":"tribe_events_cat","embeddable":true,"href":"https:\/\/www.cvjm-ofterdingen.de\/wp01\/wp-json\/wp\/v2\/tribe_events_cat?post=913"}],"curies":[{"name":"wp","href":"https:\/\/api.w.org\/{rel}","templated":true}]}}

Kinder-Bibelfrühstück

<p><img loading="lazy" decoding="async" class="alignnone size-full wp-image-1020 aligncenter" src="https://www.cvjm-ofterdingen.de/wp01/wp-content/uploads/2019/09/KiBiFrühBild.png" alt="" width="745" height="229" srcset="https://www.cvjm-ofterdingen.de/wp01/wp-content/uploads/2019/09/KiBiFrühBild.png 745w, https://www.cvjm-ofterdingen.de/wp01/wp-content/uploads/2019/09/KiBiFrühBild-300x92.png 300w, https://www.cvjm-ofterdingen.de/wp01/wp-content/uploads/2019/09/KiBiFrühBild-500x154.png 500w" sizes="auto, (max-width: 745px) 100vw, 745px" /></p>
<p style="text-align: center;"><span style="color: #ff0000;"><strong>KINDER</strong></span><strong>&#8211;<span style="color: #339966;">BIBEL</span>&#8211;<span style="color: #3366ff;">FRÜHSTÜCK</span></strong></p>
<p><strong> </strong></p>
<p style="text-align: center;"><strong>Ein Frühstück – Musik – spannende Geschichten – Spiel &amp; Spaß  u.v.m. …</strong></p>
<p style="text-align: center;"><strong>… für alle Kinder ab dem Vorschulalter!</strong></p>
<p><strong> </strong></p>
<p><strong>Wann :     <u>12. Oktober 2019</u></strong></p>
<p><strong>                  <u>9.30 Uhr &#8211; 12.30 Uhr</u></strong></p>
<p><strong>Wo:          Im <u>Vereinszimmer der Burghofhalle!</u></strong></p>
<p style="text-align: center;"><strong>         Wir laden <span style="color: #ff0000;">DICH</span> ganz herzlich zu unserem</strong></p>
<p><img loading="lazy" decoding="async" class="wp-image-1020 aligncenter" src="https://www.cvjm-ofterdingen.de/wp01/wp-content/uploads/2019/09/KiBiFrühBild.png" alt="" width="341" height="111" /></p>
<p style="text-align: center;"><strong>ein und wir freuen uns auf DICH!!!</strong></p>
<p style="text-align: center;"><strong>Dein Vorbereitungsteam des CVJM</strong></p>
<p><strong> </strong></p>
<p style="text-align: center;"><strong>PS: Wer möchte darf 1,50 € für das Frühstück mitbringen.</strong></p>
<p style="text-align: right;"><strong>         </strong><strong>                                                                                                </strong><strong>Kontakt: Maria Handte Tel. 737</strong><strong>1</strong></p>
<p><a href="https://www.cvjm-ofterdingen.de/wp01/wp-content/uploads/2019/09/Einladung-KibIFrüh-2019-1.pdf">Einladung KibIFrüh 2019</a></p>
<p>&nbsp;</p>

<p>KINDER&#8211;BIBEL&#8211;FRÜHSTÜCK   Ein Frühstück – Musik – spannende Geschichten – Spiel &amp; Spaß  u.v.m. … … für alle Kinder ab dem Vorschulalter!   Wann :     12. Oktober 2019                   9.30 Uhr &#8211; 12.30 Uhr Wo:          Im Vereinszimmer der Burghofhalle! &hellip; <a href="https://www.cvjm-ofterdingen.de/wp01/event/kinder-holzbautag-2/">Weiterlesen <span class="meta-nav">&rarr;</span></a></p>
