{"id":892,"date":"2018-12-26T00:35:12","date_gmt":"2018-12-25T23:35:12","guid":{"rendered":"https:\/\/www.cvjm-ofterdingen.de\/wp01\/?post_type=tribe_events&#038;p=892"},"modified":"2025-04-19T18:04:58","modified_gmt":"2025-04-19T16:04:58","slug":"sos-jugendgottesdienst-oktober-2019","status":"publish","type":"tribe_events","link":"https:\/\/www.cvjm-ofterdingen.de\/wp01\/event\/sos-jugendgottesdienst-oktober-2019\/","title":{"rendered":"CVJM-Landestreffen 2019"},"content":{"rendered":"<p>Herzliche Einladung zum CVJM-Landestreffen in den Glaspalast nach Sindelfingen!<\/p>\n<p><strong>Der Samstag (16. M\u00e4rz) steht ganz im Zeichen der Jugend und jungen Erwachsenen:<\/strong><\/p>\n<ul>\n<li>Gott erleben. Glauben feiern. Freunde treffen.<\/li>\n<li>Nacht-Gottesdienst.<\/li>\n<li>Nachtschw\u00e4rmercaf\u00e9 mit Live-Musik.<\/li>\n<\/ul>\n<p><strong>Am Sonntag (17. M\u00e4rz) stehen Familien im Vordergrund:<\/strong><\/p>\n<ul>\n<li>Caf\u00e9-Lounge<\/li>\n<li>Familiengottesdienst<\/li>\n<li>Familien-Mitmach-Konzert<\/li>\n<\/ul>\n<p>N\u00e4here Infos findest du direkt unter <a href=\"https:\/\/www.ejwue.de\/arbeitsbereiche\/cvjm-wuerttemberg\/landestreffen\/\" target=\"_blank\" rel=\"noopener\">www.cvjm-landestreffen.de<\/a>.<\/p>\n<p>Wir freuen uns auf dich!<br \/>\nDein CVJM-Team<\/p>\n","protected":false},"excerpt":{"rendered":"<p>Herzliche Einladung zum CVJM-Landestreffen in den Glaspalast nach Sindelfingen! Der Samstag (16. M\u00e4rz) steht ganz im Zeichen der Jugend und jungen Erwachsenen: Gott erleben. Glauben feiern. Freunde treffen. Nacht-Gottesdienst. Nachtschw\u00e4rmercaf\u00e9 mit Live-Musik. Am Sonntag (17. M\u00e4rz) stehen Familien im Vordergrund: &hellip; <a href=\"https:\/\/www.cvjm-ofterdingen.de\/wp01\/event\/sos-jugendgottesdienst-oktober-2019\/\">Weiterlesen <span class=\"meta-nav\">&rarr;<\/span><\/a><\/p>\n","protected":false},"author":1,"featured_media":443,"template":"","meta":{"_tribe_events_status":"","_tribe_events_status_reason":"","footnotes":""},"tags":[28,60,84,89,95,96,97,98,109,115,118,127,139,141,142,143,147,164],"tribe_events_cat":[177,178,179,180,182,183,184,185,186,187,188,189,190,191,192],"class_list":["post-892","tribe_events","type-tribe_events","status-publish","has-post-thumbnail","hentry","tag-andacht","tag-essen","tag-gottesdienst","tag-input","tag-jugendgottesdienst","tag-jugendkreis","tag-jugendliche","tag-jugo","tag-lobpreis","tag-musik","tag-predigt","tag-singen","tag-teenager","tag-teeniekreis","tag-teens","tag-tennie-kreis","tag-trinken","tag-worship","tribe_events_cat-cvjm-landesverband-e-v","tribe_events_cat-erwachsene","tribe_events_cat-essen","tribe_events_cat-essen-trinken","tribe_events_cat-familien","tribe_events_cat-gottesdienst","tribe_events_cat-input","tribe_events_cat-jugendliche","tribe_events_cat-kids","tribe_events_cat-kinder","tribe_events_cat-lobpreis","tribe_events_cat-musik","tribe_events_cat-teenager","tribe_events_cat-teens","tribe_events_cat-worship","cat_cvjm-landesverband-e-v","cat_erwachsene","cat_essen","cat_essen-trinken","cat_familien","cat_gottesdienst","cat_input","cat_jugendliche","cat_kids","cat_kinder","cat_lobpreis","cat_musik","cat_teenager","cat_teens","cat_worship"],"_links":{"self":[{"href":"https:\/\/www.cvjm-ofterdingen.de\/wp01\/wp-json\/wp\/v2\/tribe_events\/892","targetHints":{"allow":["GET"]}}],"collection":[{"href":"https:\/\/www.cvjm-ofterdingen.de\/wp01\/wp-json\/wp\/v2\/tribe_events"}],"about":[{"href":"https:\/\/www.cvjm-ofterdingen.de\/wp01\/wp-json\/wp\/v2\/types\/tribe_events"}],"author":[{"embeddable":true,"href":"https:\/\/www.cvjm-ofterdingen.de\/wp01\/wp-json\/wp\/v2\/users\/1"}],"version-history":[{"count":1,"href":"https:\/\/www.cvjm-ofterdingen.de\/wp01\/wp-json\/wp\/v2\/tribe_events\/892\/revisions"}],"predecessor-version":[{"id":894,"href":"https:\/\/www.cvjm-ofterdingen.de\/wp01\/wp-json\/wp\/v2\/tribe_events\/892\/revisions\/894"}],"wp:featuredmedia":[{"embeddable":true,"href":"https:\/\/www.cvjm-ofterdingen.de\/wp01\/wp-json\/"}],"wp:attachment":[{"href":"https:\/\/www.cvjm-ofterdingen.de\/wp01\/wp-json\/wp\/v2\/media?parent=892"}],"wp:term":[{"taxonomy":"post_tag","embeddable":true,"href":"https:\/\/www.cvjm-ofterdingen.de\/wp01\/wp-json\/wp\/v2\/tags?post=892"},{"taxonomy":"tribe_events_cat","embeddable":true,"href":"https:\/\/www.cvjm-ofterdingen.de\/wp01\/wp-json\/wp\/v2\/tribe_events_cat?post=892"}],"curies":[{"name":"wp","href":"https:\/\/api.w.org\/{rel}","templated":true}]}}

<p>Herzliche Einladung zum CVJM-Landestreffen in den Glaspalast nach Sindelfingen!</p>
<p><strong>Der Samstag (16. März) steht ganz im Zeichen der Jugend und jungen Erwachsenen:</strong></p>
<ul>
<li>Gott erleben. Glauben feiern. Freunde treffen.</li>
<li>Nacht-Gottesdienst.</li>
<li>Nachtschwärmercafé mit Live-Musik.</li>
</ul>
<p><strong>Am Sonntag (17. März) stehen Familien im Vordergrund:</strong></p>
<ul>
<li>Café-Lounge</li>
<li>Familiengottesdienst</li>
<li>Familien-Mitmach-Konzert</li>
</ul>
<p>Nähere Infos findest du direkt unter <a href="https://www.ejwue.de/arbeitsbereiche/cvjm-wuerttemberg/landestreffen/" target="_blank" rel="noopener">www.cvjm-landestreffen.de</a>.</p>
<p>Wir freuen uns auf dich!<br />
Dein CVJM-Team</p>

<p>Herzliche Einladung zum CVJM-Landestreffen in den Glaspalast nach Sindelfingen! Der Samstag (16. März) steht ganz im Zeichen der Jugend und jungen Erwachsenen: Gott erleben. Glauben feiern. Freunde treffen. Nacht-Gottesdienst. Nachtschwärmercafé mit Live-Musik. Am Sonntag (17. März) stehen Familien im Vordergrund: &hellip; <a href="https://www.cvjm-ofterdingen.de/wp01/event/sos-jugendgottesdienst-oktober-2019/">Weiterlesen <span class="meta-nav">&rarr;</span></a></p>
