{"id":835,"date":"2018-10-13T19:57:32","date_gmt":"2018-10-13T17:57:32","guid":{"rendered":"https:\/\/www.cvjm-ofterdingen.de\/wp01\/?post_type=tribe_events&#038;p=835"},"modified":"2018-10-13T20:04:52","modified_gmt":"2018-10-13T18:04:52","slug":"sos-jugendgottesdienst-juli-2019","status":"publish","type":"tribe_events","link":"https:\/\/www.cvjm-ofterdingen.de\/wp01\/event\/sos-jugendgottesdienst-juli-2019\/","title":{"rendered":"SOS-Jugendgottesdienst &#8211; Juli 2019"},"content":{"rendered":"<p>Hallo zusammen,<\/p>\n<p>der n\u00e4chste SOS-Jugo findet am <strong>14. Juli um 18 Uhr<\/strong> zusammen <strong>mit dem iT.Service<\/strong> open air am <strong>Gemeindehaus in \u00d6schingen<\/strong> statt. <strong>Gideon Maier<\/strong> ist zu Gast und es geht um das Thema \u201e<strong>Freundschaften<\/strong>\u201c. Bei schlechtem Wetter sind wir im Gemeindehaus.<\/p>\n<p>Freundschaften k\u00f6nnen jahrelang halten, sehr intensiv werden und so manche Situation im Leben, in der Schule und im Beruf unterhaltsam bzw. ertr\u00e4glich machen. Was macht so eine Freundschaft aus? Wo ist dann das Gleichgewicht zwischen Ich \u2013 Du \u2013 Gott? Gilt das auch beim Umgang mit Geschwistern und Eltern? Bist du in Freundschaften treu? Kennst du auch eine \u201etreulose Tomate\u201c in deinem Freundeskreis? Kannst du Geheimnisse f\u00fcr dich behalten? Und h\u00e4ltst du deine Versprechen gegen\u00fcber Freunden, Bekannten, Fremden, dir selbst und Gott?<\/p>\n<p>Komm vorbei und wenn du magst, bring noch einen Freund oder eine Freundin mit! Nach dem Godi gibt\u2019s nat\u00fcrlich noch einen Imbiss und Zeit, um gem\u00fctlich zu quatschen.<\/p>\n<p>Wir freuen uns auf Dich!<\/p>\n<p>Bis bald,<br \/>\neuer SOS-Team<\/p>\n<p>PS: N\u00e4here Infos &amp; Anfahrt findest du direkt unter <a href=\"http:\/\/www.sosjugo.de\">www.sosjugo.de<\/a>.<\/p>\n","protected":false},"excerpt":{"rendered":"<p>Hallo zusammen, der n\u00e4chste SOS-Jugo findet am 14. Juli um 18 Uhr zusammen mit dem iT.Service open air am Gemeindehaus in \u00d6schingen statt. Gideon Maier ist zu Gast und es geht um das Thema \u201eFreundschaften\u201c. Bei schlechtem Wetter sind wir &hellip; <a href=\"https:\/\/www.cvjm-ofterdingen.de\/wp01\/event\/sos-jugendgottesdienst-juli-2019\/\">Weiterlesen <span class=\"meta-nav\">&rarr;<\/span><\/a><\/p>\n","protected":false},"author":1,"featured_media":840,"template":"","meta":{"_tribe_events_status":"","_tribe_events_status_reason":"","footnotes":""},"tags":[28,220,77,84,89,95,96,98,109,115,118,131,132,139,140,141,142,162],"tribe_events_cat":[177,178,179,180,183,184,185,188,189,190,191,192],"class_list":["post-835","tribe_events","type-tribe_events","status-publish","has-post-thumbnail","hentry","tag-andacht","tag-freundschaft","tag-gemeindehaus","tag-gottesdienst","tag-input","tag-jugendgottesdienst","tag-jugendkreis","tag-jugo","tag-lobpreis","tag-musik","tag-predigt","tag-sos","tag-sos-jugo","tag-teenager","tag-teenie-kreis","tag-teeniekreis","tag-teens","tag-worhip","tribe_events_cat-cvjm-landesverband-e-v","tribe_events_cat-erwachsene","tribe_events_cat-essen","tribe_events_cat-essen-trinken","tribe_events_cat-gottesdienst","tribe_events_cat-input","tribe_events_cat-jugendliche","tribe_events_cat-lobpreis","tribe_events_cat-musik","tribe_events_cat-teenager","tribe_events_cat-teens","tribe_events_cat-worship","cat_cvjm-landesverband-e-v","cat_erwachsene","cat_essen","cat_essen-trinken","cat_gottesdienst","cat_input","cat_jugendliche","cat_lobpreis","cat_musik","cat_teenager","cat_teens","cat_worship"],"_links":{"self":[{"href":"https:\/\/www.cvjm-ofterdingen.de\/wp01\/wp-json\/wp\/v2\/tribe_events\/835","targetHints":{"allow":["GET"]}}],"collection":[{"href":"https:\/\/www.cvjm-ofterdingen.de\/wp01\/wp-json\/wp\/v2\/tribe_events"}],"about":[{"href":"https:\/\/www.cvjm-ofterdingen.de\/wp01\/wp-json\/wp\/v2\/types\/tribe_events"}],"author":[{"embeddable":true,"href":"https:\/\/www.cvjm-ofterdingen.de\/wp01\/wp-json\/wp\/v2\/users\/1"}],"version-history":[{"count":1,"href":"https:\/\/www.cvjm-ofterdingen.de\/wp01\/wp-json\/wp\/v2\/tribe_events\/835\/revisions"}],"predecessor-version":[{"id":841,"href":"https:\/\/www.cvjm-ofterdingen.de\/wp01\/wp-json\/wp\/v2\/tribe_events\/835\/revisions\/841"}],"wp:featuredmedia":[{"embeddable":true,"href":"https:\/\/www.cvjm-ofterdingen.de\/wp01\/wp-json\/wp\/v2\/media\/840"}],"wp:attachment":[{"href":"https:\/\/www.cvjm-ofterdingen.de\/wp01\/wp-json\/wp\/v2\/media?parent=835"}],"wp:term":[{"taxonomy":"post_tag","embeddable":true,"href":"https:\/\/www.cvjm-ofterdingen.de\/wp01\/wp-json\/wp\/v2\/tags?post=835"},{"taxonomy":"tribe_events_cat","embeddable":true,"href":"https:\/\/www.cvjm-ofterdingen.de\/wp01\/wp-json\/wp\/v2\/tribe_events_cat?post=835"}],"curies":[{"name":"wp","href":"https:\/\/api.w.org\/{rel}","templated":true}]}}

<p>Hallo zusammen,</p>
<p>der nächste SOS-Jugo findet am <strong>14. Juli um 18 Uhr</strong> zusammen <strong>mit dem iT.Service</strong> open air am <strong>Gemeindehaus in Öschingen</strong> statt. <strong>Gideon Maier</strong> ist zu Gast und es geht um das Thema „<strong>Freundschaften</strong>“. Bei schlechtem Wetter sind wir im Gemeindehaus.</p>
<p>Freundschaften können jahrelang halten, sehr intensiv werden und so manche Situation im Leben, in der Schule und im Beruf unterhaltsam bzw. erträglich machen. Was macht so eine Freundschaft aus? Wo ist dann das Gleichgewicht zwischen Ich – Du – Gott? Gilt das auch beim Umgang mit Geschwistern und Eltern? Bist du in Freundschaften treu? Kennst du auch eine „treulose Tomate“ in deinem Freundeskreis? Kannst du Geheimnisse für dich behalten? Und hältst du deine Versprechen gegenüber Freunden, Bekannten, Fremden, dir selbst und Gott?</p>
<p>Komm vorbei und wenn du magst, bring noch einen Freund oder eine Freundin mit! Nach dem Godi gibt’s natürlich noch einen Imbiss und Zeit, um gemütlich zu quatschen.</p>
<p>Wir freuen uns auf Dich!</p>
<p>Bis bald,<br />
euer SOS-Team</p>
<p>PS: Nähere Infos &amp; Anfahrt findest du direkt unter <a href="http://www.sosjugo.de">www.sosjugo.de</a>.</p>

<p>Hallo zusammen, der nächste SOS-Jugo findet am 14. Juli um 18 Uhr zusammen mit dem iT.Service open air am Gemeindehaus in Öschingen statt. Gideon Maier ist zu Gast und es geht um das Thema „Freundschaften“. Bei schlechtem Wetter sind wir &hellip; <a href="https://www.cvjm-ofterdingen.de/wp01/event/sos-jugendgottesdienst-juli-2019/">Weiterlesen <span class="meta-nav">&rarr;</span></a></p>
