{"id":419,"date":"2018-01-06T20:19:49","date_gmt":"2018-01-06T19:19:49","guid":{"rendered":"http:\/\/www.cvjm-ofterdingen.de\/cvjm_wp\/?post_type=tribe_events&#038;p=419"},"modified":"2018-06-23T17:21:24","modified_gmt":"2018-06-23T15:21:24","slug":"sos-jugendgottesdienst-dezember-2017-5","status":"publish","type":"tribe_events","link":"https:\/\/www.cvjm-ofterdingen.de\/wp01\/event\/sos-jugendgottesdienst-dezember-2017-5\/","title":{"rendered":"SOS-Jugendgottesdienst &#8211; Juni 2018"},"content":{"rendered":"<p>Hallo zusammen,<\/p>\n<p>der n\u00e4chste SOS-Jugo findet am <strong>24. Juni um 18 Uhr<\/strong> neben der <strong>Peter und Paulskirche in M\u00f6ssingen (open air)<\/strong> statt. <strong>Evi Hahn<\/strong> ist zu Gast und es geht um das Thema \u201e<strong>Brot kann schimmeln, was kannst du?<\/strong>\u201c.<br \/>\nBei schlechtem Wetter sind wir in der Peter und Paulskirche.<\/p>\n<p><strong>Wir sind IN der Kirche (es soll kalt werden und Schauer geben)!<\/strong><\/p>\n<p>S\u00e4tze wie \u201eKannst du was \u2013 dann bist du was!\u201c begegnen mir t\u00e4glich: Bei Casting-Shows, in der Schule, bei Bewerbungen f\u00fcrs BoGy, ein Praktikum, einen Ausbildungsplatz oder einen Studienplatz. Wie finde ich denn heraus, was ich kann? Gibt es eine Begabung oder so etwas, die Gott mir gegeben hat? Also etwas, das ihm besonders an mir gef\u00e4llt? Etwas, das viele andere nicht k\u00f6nnen? Was kann ich damit tun? K\u00f6nnen wir uns in der Familie, in der Klasse, in der Clique etc. gegenseitig gut erg\u00e4nzen?<br \/>\nFalls Gott mir eine Begabung gegeben hat, ist dadurch auch mein Web im Leben irgendwie vorherbestimmt? Kann ich neue Begabungen lernen? \u2026irgendwie ja schon, aber irgendwie auch nicht. Vielleicht entdeckt man ja nur etwas Neues?<br \/>\nGibt es spezielle, ganz besondere Begabungen, die vielleicht nur wenige Menschen haben? Schlummert so etwas in mir und ich wei\u00df es vielleicht noch nicht?<\/p>\n<p>Komm vorbei und feiere diesen Jugo mit uns. Nach dem Godi gibt\u2019s nat\u00fcrlich noch einen Imbiss und Zeit, um gem\u00fctlich zu quatschen.<\/p>\n<p>Wir freuen uns auf Dich!<\/p>\n<p>Bis bald,<br \/>\neuer SOS-Team<\/p>\n<p>PS: N\u00e4here Infos &amp; Anfahrt findest du direkt unter <a href=\"https:\/\/www.sosjugo.de\" target=\"_blank\" rel=\"noopener\">www.sosjugo.de<\/a>.<\/p>\n","protected":false},"excerpt":{"rendered":"<p>Hallo zusammen, der n\u00e4chste SOS-Jugo findet am 24. Juni um 18 Uhr neben der Peter und Paulskirche in M\u00f6ssingen (open air) statt. Evi Hahn ist zu Gast und es geht um das Thema \u201eBrot kann schimmeln, was kannst du?\u201c. Bei &hellip; <a href=\"https:\/\/www.cvjm-ofterdingen.de\/wp01\/event\/sos-jugendgottesdienst-dezember-2017-5\/\">Weiterlesen <span class=\"meta-nav\">&rarr;<\/span><\/a><\/p>\n","protected":false},"author":1,"featured_media":753,"template":"","meta":{"_tribe_events_status":"","_tribe_events_status_reason":"","footnotes":""},"tags":[28,84,89,95,96,98,109,115,118,131,132,139,140,141,142,162],"tribe_events_cat":[179,180,183,184,185,188,189,190,191,192],"class_list":["post-419","tribe_events","type-tribe_events","status-publish","has-post-thumbnail","hentry","tag-andacht","tag-gottesdienst","tag-input","tag-jugendgottesdienst","tag-jugendkreis","tag-jugo","tag-lobpreis","tag-musik","tag-predigt","tag-sos","tag-sos-jugo","tag-teenager","tag-teenie-kreis","tag-teeniekreis","tag-teens","tag-worhip","tribe_events_cat-essen","tribe_events_cat-essen-trinken","tribe_events_cat-gottesdienst","tribe_events_cat-input","tribe_events_cat-jugendliche","tribe_events_cat-lobpreis","tribe_events_cat-musik","tribe_events_cat-teenager","tribe_events_cat-teens","tribe_events_cat-worship","cat_essen","cat_essen-trinken","cat_gottesdienst","cat_input","cat_jugendliche","cat_lobpreis","cat_musik","cat_teenager","cat_teens","cat_worship"],"_links":{"self":[{"href":"https:\/\/www.cvjm-ofterdingen.de\/wp01\/wp-json\/wp\/v2\/tribe_events\/419","targetHints":{"allow":["GET"]}}],"collection":[{"href":"https:\/\/www.cvjm-ofterdingen.de\/wp01\/wp-json\/wp\/v2\/tribe_events"}],"about":[{"href":"https:\/\/www.cvjm-ofterdingen.de\/wp01\/wp-json\/wp\/v2\/types\/tribe_events"}],"author":[{"embeddable":true,"href":"https:\/\/www.cvjm-ofterdingen.de\/wp01\/wp-json\/wp\/v2\/users\/1"}],"version-history":[{"count":2,"href":"https:\/\/www.cvjm-ofterdingen.de\/wp01\/wp-json\/wp\/v2\/tribe_events\/419\/revisions"}],"predecessor-version":[{"id":765,"href":"https:\/\/www.cvjm-ofterdingen.de\/wp01\/wp-json\/wp\/v2\/tribe_events\/419\/revisions\/765"}],"wp:featuredmedia":[{"embeddable":true,"href":"https:\/\/www.cvjm-ofterdingen.de\/wp01\/wp-json\/wp\/v2\/media\/753"}],"wp:attachment":[{"href":"https:\/\/www.cvjm-ofterdingen.de\/wp01\/wp-json\/wp\/v2\/media?parent=419"}],"wp:term":[{"taxonomy":"post_tag","embeddable":true,"href":"https:\/\/www.cvjm-ofterdingen.de\/wp01\/wp-json\/wp\/v2\/tags?post=419"},{"taxonomy":"tribe_events_cat","embeddable":true,"href":"https:\/\/www.cvjm-ofterdingen.de\/wp01\/wp-json\/wp\/v2\/tribe_events_cat?post=419"}],"curies":[{"name":"wp","href":"https:\/\/api.w.org\/{rel}","templated":true}]}}

<p>Hallo zusammen,</p>
<p>der nächste SOS-Jugo findet am <strong>24. Juni um 18 Uhr</strong> neben der <strong>Peter und Paulskirche in Mössingen (open air)</strong> statt. <strong>Evi Hahn</strong> ist zu Gast und es geht um das Thema „<strong>Brot kann schimmeln, was kannst du?</strong>“.<br />
Bei schlechtem Wetter sind wir in der Peter und Paulskirche.</p>
<p><strong>Wir sind IN der Kirche (es soll kalt werden und Schauer geben)!</strong></p>
<p>Sätze wie „Kannst du was – dann bist du was!“ begegnen mir täglich: Bei Casting-Shows, in der Schule, bei Bewerbungen fürs BoGy, ein Praktikum, einen Ausbildungsplatz oder einen Studienplatz. Wie finde ich denn heraus, was ich kann? Gibt es eine Begabung oder so etwas, die Gott mir gegeben hat? Also etwas, das ihm besonders an mir gefällt? Etwas, das viele andere nicht können? Was kann ich damit tun? Können wir uns in der Familie, in der Klasse, in der Clique etc. gegenseitig gut ergänzen?<br />
Falls Gott mir eine Begabung gegeben hat, ist dadurch auch mein Web im Leben irgendwie vorherbestimmt? Kann ich neue Begabungen lernen? …irgendwie ja schon, aber irgendwie auch nicht. Vielleicht entdeckt man ja nur etwas Neues?<br />
Gibt es spezielle, ganz besondere Begabungen, die vielleicht nur wenige Menschen haben? Schlummert so etwas in mir und ich weiß es vielleicht noch nicht?</p>
<p>Komm vorbei und feiere diesen Jugo mit uns. Nach dem Godi gibt’s natürlich noch einen Imbiss und Zeit, um gemütlich zu quatschen.</p>
<p>Wir freuen uns auf Dich!</p>
<p>Bis bald,<br />
euer SOS-Team</p>
<p>PS: Nähere Infos &amp; Anfahrt findest du direkt unter <a href="https://www.sosjugo.de" target="_blank" rel="noopener">www.sosjugo.de</a>.</p>

<p>Hallo zusammen, der nächste SOS-Jugo findet am 24. Juni um 18 Uhr neben der Peter und Paulskirche in Mössingen (open air) statt. Evi Hahn ist zu Gast und es geht um das Thema „Brot kann schimmeln, was kannst du?“. Bei &hellip; <a href="https://www.cvjm-ofterdingen.de/wp01/event/sos-jugendgottesdienst-dezember-2017-5/">Weiterlesen <span class="meta-nav">&rarr;</span></a></p>
