{"id":2335,"date":"2024-01-03T19:14:27","date_gmt":"2024-01-03T18:14:27","guid":{"rendered":"https:\/\/www.cvjm-ofterdingen.de\/wp01\/?post_type=tribe_events&#038;p=2335"},"modified":"2024-01-03T19:14:27","modified_gmt":"2024-01-03T18:14:27","slug":"cvjm-company-tag-2014","status":"publish","type":"tribe_events","link":"https:\/\/www.cvjm-ofterdingen.de\/wp01\/event\/cvjm-company-tag-2014\/","title":{"rendered":"CVJM-Company-Tag 2024"},"content":{"rendered":"<p>Am <strong>9. Juni<\/strong> treffen sich CVJMer, Freunde und Interessierte am <strong>CVJM-Platz Aible in M\u00f6ssingen.<\/strong><\/p>\n<p>N\u00e4here Infos folgen.<\/p>\n<p><strong>Die CVJM aus Ofterdingen, M\u00f6ssingen, \u00d6schingen, Talheim und Belsen freuen sich auf Dein und Ihr Kommen!<\/strong><\/p>\n<p>&nbsp;<\/p>\n<p>&nbsp;<\/p>\n","protected":false},"excerpt":{"rendered":"<p>Am 9. Juni treffen sich CVJMer, Freunde und Interessierte am CVJM-Platz Aible in M\u00f6ssingen. N\u00e4here Infos folgen. Die CVJM aus Ofterdingen, M\u00f6ssingen, \u00d6schingen, Talheim und Belsen freuen sich auf Dein und Ihr Kommen! &nbsp; &nbsp;<\/p>\n","protected":false},"author":1,"featured_media":2336,"template":"","meta":{"_tribe_events_status":"","_tribe_events_status_reason":"","footnotes":""},"tags":[47,65,79,84,85,86,89,117,118],"tribe_events_cat":[178,179,180,182,183,184,185,186,187,188,189],"class_list":["post-2335","tribe_events","type-tribe_events","status-publish","has-post-thumbnail","hentry","tag-company-tag","tag-familien","tag-gemeinschaft","tag-gottesdienst","tag-gottesdienst-im-gruenen","tag-grillen","tag-input","tag-posaunenchor","tag-predigt","tribe_events_cat-erwachsene","tribe_events_cat-essen","tribe_events_cat-essen-trinken","tribe_events_cat-familien","tribe_events_cat-gottesdienst","tribe_events_cat-input","tribe_events_cat-jugendliche","tribe_events_cat-kids","tribe_events_cat-kinder","tribe_events_cat-lobpreis","tribe_events_cat-musik","cat_erwachsene","cat_essen","cat_essen-trinken","cat_familien","cat_gottesdienst","cat_input","cat_jugendliche","cat_kids","cat_kinder","cat_lobpreis","cat_musik"],"_links":{"self":[{"href":"https:\/\/www.cvjm-ofterdingen.de\/wp01\/wp-json\/wp\/v2\/tribe_events\/2335","targetHints":{"allow":["GET"]}}],"collection":[{"href":"https:\/\/www.cvjm-ofterdingen.de\/wp01\/wp-json\/wp\/v2\/tribe_events"}],"about":[{"href":"https:\/\/www.cvjm-ofterdingen.de\/wp01\/wp-json\/wp\/v2\/types\/tribe_events"}],"author":[{"embeddable":true,"href":"https:\/\/www.cvjm-ofterdingen.de\/wp01\/wp-json\/wp\/v2\/users\/1"}],"version-history":[{"count":1,"href":"https:\/\/www.cvjm-ofterdingen.de\/wp01\/wp-json\/wp\/v2\/tribe_events\/2335\/revisions"}],"predecessor-version":[{"id":2338,"href":"https:\/\/www.cvjm-ofterdingen.de\/wp01\/wp-json\/wp\/v2\/tribe_events\/2335\/revisions\/2338"}],"wp:featuredmedia":[{"embeddable":true,"href":"https:\/\/www.cvjm-ofterdingen.de\/wp01\/wp-json\/wp\/v2\/media\/2336"}],"wp:attachment":[{"href":"https:\/\/www.cvjm-ofterdingen.de\/wp01\/wp-json\/wp\/v2\/media?parent=2335"}],"wp:term":[{"taxonomy":"post_tag","embeddable":true,"href":"https:\/\/www.cvjm-ofterdingen.de\/wp01\/wp-json\/wp\/v2\/tags?post=2335"},{"taxonomy":"tribe_events_cat","embeddable":true,"href":"https:\/\/www.cvjm-ofterdingen.de\/wp01\/wp-json\/wp\/v2\/tribe_events_cat?post=2335"}],"curies":[{"name":"wp","href":"https:\/\/api.w.org\/{rel}","templated":true}]}}

<p>Am <strong>9. Juni</strong> treffen sich CVJMer, Freunde und Interessierte am <strong>CVJM-Platz Aible in Mössingen.</strong></p>
<p>Nähere Infos folgen.</p>
<p><strong>Die CVJM aus Ofterdingen, Mössingen, Öschingen, Talheim und Belsen freuen sich auf Dein und Ihr Kommen!</strong></p>
<p>&nbsp;</p>
<p>&nbsp;</p>

<p>Am 9. Juni treffen sich CVJMer, Freunde und Interessierte am CVJM-Platz Aible in Mössingen. Nähere Infos folgen. Die CVJM aus Ofterdingen, Mössingen, Öschingen, Talheim und Belsen freuen sich auf Dein und Ihr Kommen! &nbsp; &nbsp;</p>
