{"id":1928,"date":"2023-01-14T15:06:14","date_gmt":"2023-01-14T14:06:14","guid":{"rendered":"https:\/\/www.cvjm-ofterdingen.de\/wp01\/?post_type=tribe_events&#038;p=1928"},"modified":"2023-06-21T19:02:57","modified_gmt":"2023-06-21T17:02:57","slug":"sos-gottesdienst-2023-juli","status":"publish","type":"tribe_events","link":"https:\/\/www.cvjm-ofterdingen.de\/wp01\/event\/sos-gottesdienst-2023-juli\/","title":{"rendered":"SOS-Gottesdienst &#8211; Juli 2023"},"content":{"rendered":"<p>Hallo zusammen,<\/p>\n<p>der <strong>n\u00e4chste SOS findet am 16.07.2023 um 18.00 Uhr zusammen mit dem iT-Service <\/strong>am Gemeindehaus in \u00d6schingen open air statt.Verena Friebolin ist zum Thema &#8222;J\u00fcngerschaft&#8220; zu Gast.<\/p>\n<p>Bist du neugierig geworden? &#8211; Wir freuen uns, wenn du vorbeikommst! Bring gern noch jemanden mit!<\/p>\n<p>Bis bald,<br \/>\nDein SOS-Team<\/p>\n","protected":false},"excerpt":{"rendered":"<p>Hallo zusammen, der n\u00e4chste SOS findet am 16.07.2023 um 18.00 Uhr zusammen mit dem iT-Service am Gemeindehaus in \u00d6schingen open air statt.Verena Friebolin ist zum Thema &#8222;J\u00fcngerschaft&#8220; zu Gast. Bist du neugierig geworden? &#8211; Wir freuen uns, wenn du vorbeikommst! &hellip; <a href=\"https:\/\/www.cvjm-ofterdingen.de\/wp01\/event\/sos-gottesdienst-2023-juli\/\">Weiterlesen <span class=\"meta-nav\">&rarr;<\/span><\/a><\/p>\n","protected":false},"author":1,"featured_media":2118,"template":"","meta":{"_tribe_events_status":"","_tribe_events_status_reason":"","footnotes":""},"tags":[28,77,84,89,95,96,98,109,115,118,131,132,139,140,141,142,162],"tribe_events_cat":[178,181,183,184,185,296,188,189,190,191,192],"class_list":["post-1928","tribe_events","type-tribe_events","status-publish","has-post-thumbnail","hentry","tag-andacht","tag-gemeindehaus","tag-gottesdienst","tag-input","tag-jugendgottesdienst","tag-jugendkreis","tag-jugo","tag-lobpreis","tag-musik","tag-predigt","tag-sos","tag-sos-jugo","tag-teenager","tag-teenie-kreis","tag-teeniekreis","tag-teens","tag-worhip","tribe_events_cat-erwachsene","tribe_events_cat-event","tribe_events_cat-gottesdienst","tribe_events_cat-input","tribe_events_cat-jugendliche","tribe_events_cat-jugo","tribe_events_cat-lobpreis","tribe_events_cat-musik","tribe_events_cat-teenager","tribe_events_cat-teens","tribe_events_cat-worship","cat_erwachsene","cat_event","cat_gottesdienst","cat_input","cat_jugendliche","cat_jugo","cat_lobpreis","cat_musik","cat_teenager","cat_teens","cat_worship"],"_links":{"self":[{"href":"https:\/\/www.cvjm-ofterdingen.de\/wp01\/wp-json\/wp\/v2\/tribe_events\/1928","targetHints":{"allow":["GET"]}}],"collection":[{"href":"https:\/\/www.cvjm-ofterdingen.de\/wp01\/wp-json\/wp\/v2\/tribe_events"}],"about":[{"href":"https:\/\/www.cvjm-ofterdingen.de\/wp01\/wp-json\/wp\/v2\/types\/tribe_events"}],"author":[{"embeddable":true,"href":"https:\/\/www.cvjm-ofterdingen.de\/wp01\/wp-json\/wp\/v2\/users\/1"}],"version-history":[{"count":4,"href":"https:\/\/www.cvjm-ofterdingen.de\/wp01\/wp-json\/wp\/v2\/tribe_events\/1928\/revisions"}],"predecessor-version":[{"id":2120,"href":"https:\/\/www.cvjm-ofterdingen.de\/wp01\/wp-json\/wp\/v2\/tribe_events\/1928\/revisions\/2120"}],"wp:featuredmedia":[{"embeddable":true,"href":"https:\/\/www.cvjm-ofterdingen.de\/wp01\/wp-json\/wp\/v2\/media\/2118"}],"wp:attachment":[{"href":"https:\/\/www.cvjm-ofterdingen.de\/wp01\/wp-json\/wp\/v2\/media?parent=1928"}],"wp:term":[{"taxonomy":"post_tag","embeddable":true,"href":"https:\/\/www.cvjm-ofterdingen.de\/wp01\/wp-json\/wp\/v2\/tags?post=1928"},{"taxonomy":"tribe_events_cat","embeddable":true,"href":"https:\/\/www.cvjm-ofterdingen.de\/wp01\/wp-json\/wp\/v2\/tribe_events_cat?post=1928"}],"curies":[{"name":"wp","href":"https:\/\/api.w.org\/{rel}","templated":true}]}}

<p>Hallo zusammen,</p>
<p>der <strong>nächste SOS findet am 16.07.2023 um 18.00 Uhr zusammen mit dem iT-Service </strong>am Gemeindehaus in Öschingen open air statt.Verena Friebolin ist zum Thema &#8222;Jüngerschaft&#8220; zu Gast.</p>
<p>Bist du neugierig geworden? &#8211; Wir freuen uns, wenn du vorbeikommst! Bring gern noch jemanden mit!</p>
<p>Bis bald,<br />
Dein SOS-Team</p>

<p>Hallo zusammen, der nächste SOS findet am 16.07.2023 um 18.00 Uhr zusammen mit dem iT-Service am Gemeindehaus in Öschingen open air statt.Verena Friebolin ist zum Thema &#8222;Jüngerschaft&#8220; zu Gast. Bist du neugierig geworden? &#8211; Wir freuen uns, wenn du vorbeikommst! &hellip; <a href="https://www.cvjm-ofterdingen.de/wp01/event/sos-gottesdienst-2023-juli/">Weiterlesen <span class="meta-nav">&rarr;</span></a></p>
