{"id":1702,"date":"2022-01-16T01:39:32","date_gmt":"2022-01-16T00:39:32","guid":{"rendered":"https:\/\/www.cvjm-ofterdingen.de\/wp01\/?post_type=tribe_events&#038;p=1702"},"modified":"2022-07-07T22:51:13","modified_gmt":"2022-07-07T20:51:13","slug":"2022vater-kind-lager","status":"publish","type":"tribe_events","link":"https:\/\/www.cvjm-ofterdingen.de\/wp01\/event\/2022vater-kind-lager\/","title":{"rendered":"Vater-Kind-Lager 2022"},"content":{"rendered":"<p>Infos und Flyer folgen zu gegebener Zeit auf der Startseite.<br \/>\nErfahrungsgem\u00e4\u00df sind die Pl\u00e4tze sehr schnell ausgebucht. Daher bei Interesse bitte schnell anmelden. Infos: Simeon Handte.<\/p>\n","protected":false},"excerpt":{"rendered":"<p>Infos und Flyer folgen zu gegebener Zeit auf der Startseite. Erfahrungsgem\u00e4\u00df sind die Pl\u00e4tze sehr schnell ausgebucht. Daher bei Interesse bitte schnell anmelden. Infos: Simeon Handte.<\/p>\n","protected":false},"author":1,"featured_media":0,"template":"","meta":{"_tribe_events_status":"","_tribe_events_status_reason":"","footnotes":""},"tags":[319,99,100,101,322,150,151,170],"tribe_events_cat":[178,181,316,186,187],"class_list":["post-1702","tribe_events","type-tribe_events","status-publish","hentry","tag-freizeit","tag-kids","tag-kind","tag-kinder","tag-vakila","tag-vaeter","tag-vater-kind-lager","tag-zeltlager","tribe_events_cat-erwachsene","tribe_events_cat-event","tribe_events_cat-freizeit","tribe_events_cat-kids","tribe_events_cat-kinder","cat_erwachsene","cat_event","cat_freizeit","cat_kids","cat_kinder"],"_links":{"self":[{"href":"https:\/\/www.cvjm-ofterdingen.de\/wp01\/wp-json\/wp\/v2\/tribe_events\/1702","targetHints":{"allow":["GET"]}}],"collection":[{"href":"https:\/\/www.cvjm-ofterdingen.de\/wp01\/wp-json\/wp\/v2\/tribe_events"}],"about":[{"href":"https:\/\/www.cvjm-ofterdingen.de\/wp01\/wp-json\/wp\/v2\/types\/tribe_events"}],"author":[{"embeddable":true,"href":"https:\/\/www.cvjm-ofterdingen.de\/wp01\/wp-json\/wp\/v2\/users\/1"}],"version-history":[{"count":1,"href":"https:\/\/www.cvjm-ofterdingen.de\/wp01\/wp-json\/wp\/v2\/tribe_events\/1702\/revisions"}],"predecessor-version":[{"id":1703,"href":"https:\/\/www.cvjm-ofterdingen.de\/wp01\/wp-json\/wp\/v2\/tribe_events\/1702\/revisions\/1703"}],"wp:attachment":[{"href":"https:\/\/www.cvjm-ofterdingen.de\/wp01\/wp-json\/wp\/v2\/media?parent=1702"}],"wp:term":[{"taxonomy":"post_tag","embeddable":true,"href":"https:\/\/www.cvjm-ofterdingen.de\/wp01\/wp-json\/wp\/v2\/tags?post=1702"},{"taxonomy":"tribe_events_cat","embeddable":true,"href":"https:\/\/www.cvjm-ofterdingen.de\/wp01\/wp-json\/wp\/v2\/tribe_events_cat?post=1702"}],"curies":[{"name":"wp","href":"https:\/\/api.w.org\/{rel}","templated":true}]}}

<p>Infos und Flyer folgen zu gegebener Zeit auf der Startseite.<br />
Erfahrungsgemäß sind die Plätze sehr schnell ausgebucht. Daher bei Interesse bitte schnell anmelden. Infos: Simeon Handte.</p>

<p>Infos und Flyer folgen zu gegebener Zeit auf der Startseite. Erfahrungsgemäß sind die Plätze sehr schnell ausgebucht. Daher bei Interesse bitte schnell anmelden. Infos: Simeon Handte.</p>
