{"id":1659,"date":"2022-01-11T20:09:35","date_gmt":"2022-01-11T19:09:35","guid":{"rendered":"https:\/\/www.cvjm-ofterdingen.de\/wp01\/?post_type=tribe_events&#038;p=1659"},"modified":"2022-01-11T20:17:26","modified_gmt":"2022-01-11T19:17:26","slug":"sos-jugendgottesdienst-2022-dezember","status":"publish","type":"tribe_events","link":"https:\/\/www.cvjm-ofterdingen.de\/wp01\/event\/sos-jugendgottesdienst-2022-dezember\/","title":{"rendered":"SOS-Jugendgottesdienst &#8211; Dezember 2022"},"content":{"rendered":"<p>Hallo zusammen,<\/p>\n<p>der gemeinsame Jugendgottesdienst<strong> SOS-Jugo meets iT-Service<\/strong> findet dieses Jahr<strong> am 04.12.2022 um 17:45 Uhr in der Kirche in \u00d6schingen<\/strong> statt. Das <strong>Bengelhaus<\/strong> ist bei uns zu Gast und es geht um das spannende Thema \u201e<strong>Mein Glaube ist zu schwach um Atheist zu sein<\/strong>\u201c.<\/p>\n<p>Du denkst dir bestimmt grad: H\u00e4? Was meinst du?<br \/>\nJa, warum ist es logischer und einfacher an einen Gott zu glauben, als dass es keinen gibt? Gibt es daf\u00fcr wirkliche Gr\u00fcnde? Was \u00e4ndert sich, wenn ich mich auf diesen Gott einlasse? Was ist Wahrheit? Kann man Gott beweisen?<\/p>\n<p>Bist du neugierig geworden? &#8211; Wir freuen uns, wenn du vorbeikommst! Bring gern noch jemand mit!<\/p>\n<p>Bis bald,<br \/>\nDein SOS-Team<\/p>\n<p>P.S.: N\u00e4here Infos und aktuelle \u00c4nderungen findest du auf Instagram (@sos_jugo) oder hier.<\/p>\n","protected":false},"excerpt":{"rendered":"<p>Hallo zusammen, der gemeinsame Jugendgottesdienst SOS-Jugo meets iT-Service findet dieses Jahr am 04.12.2022 um 17:45 Uhr in der Kirche in \u00d6schingen statt. Das Bengelhaus ist bei uns zu Gast und es geht um das spannende Thema \u201eMein Glaube ist zu &hellip; <a href=\"https:\/\/www.cvjm-ofterdingen.de\/wp01\/event\/sos-jugendgottesdienst-2022-dezember\/\">Weiterlesen <span class=\"meta-nav\">&rarr;<\/span><\/a><\/p>\n","protected":false},"author":1,"featured_media":1686,"template":"","meta":{"_tribe_events_status":"","_tribe_events_status_reason":"","footnotes":""},"tags":[28,77,84,89,95,96,98,109,115,118,131,132,139,140,141,142,162],"tribe_events_cat":[178,181,183,184,185,296,188,189,190,191,192],"class_list":["post-1659","tribe_events","type-tribe_events","status-publish","has-post-thumbnail","hentry","tag-andacht","tag-gemeindehaus","tag-gottesdienst","tag-input","tag-jugendgottesdienst","tag-jugendkreis","tag-jugo","tag-lobpreis","tag-musik","tag-predigt","tag-sos","tag-sos-jugo","tag-teenager","tag-teenie-kreis","tag-teeniekreis","tag-teens","tag-worhip","tribe_events_cat-erwachsene","tribe_events_cat-event","tribe_events_cat-gottesdienst","tribe_events_cat-input","tribe_events_cat-jugendliche","tribe_events_cat-jugo","tribe_events_cat-lobpreis","tribe_events_cat-musik","tribe_events_cat-teenager","tribe_events_cat-teens","tribe_events_cat-worship","cat_erwachsene","cat_event","cat_gottesdienst","cat_input","cat_jugendliche","cat_jugo","cat_lobpreis","cat_musik","cat_teenager","cat_teens","cat_worship"],"_links":{"self":[{"href":"https:\/\/www.cvjm-ofterdingen.de\/wp01\/wp-json\/wp\/v2\/tribe_events\/1659","targetHints":{"allow":["GET"]}}],"collection":[{"href":"https:\/\/www.cvjm-ofterdingen.de\/wp01\/wp-json\/wp\/v2\/tribe_events"}],"about":[{"href":"https:\/\/www.cvjm-ofterdingen.de\/wp01\/wp-json\/wp\/v2\/types\/tribe_events"}],"author":[{"embeddable":true,"href":"https:\/\/www.cvjm-ofterdingen.de\/wp01\/wp-json\/wp\/v2\/users\/1"}],"version-history":[{"count":2,"href":"https:\/\/www.cvjm-ofterdingen.de\/wp01\/wp-json\/wp\/v2\/tribe_events\/1659\/revisions"}],"predecessor-version":[{"id":1694,"href":"https:\/\/www.cvjm-ofterdingen.de\/wp01\/wp-json\/wp\/v2\/tribe_events\/1659\/revisions\/1694"}],"wp:featuredmedia":[{"embeddable":true,"href":"https:\/\/www.cvjm-ofterdingen.de\/wp01\/wp-json\/wp\/v2\/media\/1686"}],"wp:attachment":[{"href":"https:\/\/www.cvjm-ofterdingen.de\/wp01\/wp-json\/wp\/v2\/media?parent=1659"}],"wp:term":[{"taxonomy":"post_tag","embeddable":true,"href":"https:\/\/www.cvjm-ofterdingen.de\/wp01\/wp-json\/wp\/v2\/tags?post=1659"},{"taxonomy":"tribe_events_cat","embeddable":true,"href":"https:\/\/www.cvjm-ofterdingen.de\/wp01\/wp-json\/wp\/v2\/tribe_events_cat?post=1659"}],"curies":[{"name":"wp","href":"https:\/\/api.w.org\/{rel}","templated":true}]}}

<p>Hallo zusammen,</p>
<p>der gemeinsame Jugendgottesdienst<strong> SOS-Jugo meets iT-Service</strong> findet dieses Jahr<strong> am 04.12.2022 um 17:45 Uhr in der Kirche in Öschingen</strong> statt. Das <strong>Bengelhaus</strong> ist bei uns zu Gast und es geht um das spannende Thema „<strong>Mein Glaube ist zu schwach um Atheist zu sein</strong>“.</p>
<p>Du denkst dir bestimmt grad: Hä? Was meinst du?<br />
Ja, warum ist es logischer und einfacher an einen Gott zu glauben, als dass es keinen gibt? Gibt es dafür wirkliche Gründe? Was ändert sich, wenn ich mich auf diesen Gott einlasse? Was ist Wahrheit? Kann man Gott beweisen?</p>
<p>Bist du neugierig geworden? &#8211; Wir freuen uns, wenn du vorbeikommst! Bring gern noch jemand mit!</p>
<p>Bis bald,<br />
Dein SOS-Team</p>
<p>P.S.: Nähere Infos und aktuelle Änderungen findest du auf Instagram (@sos_jugo) oder hier.</p>

<p>Hallo zusammen, der gemeinsame Jugendgottesdienst SOS-Jugo meets iT-Service findet dieses Jahr am 04.12.2022 um 17:45 Uhr in der Kirche in Öschingen statt. Das Bengelhaus ist bei uns zu Gast und es geht um das spannende Thema „Mein Glaube ist zu &hellip; <a href="https://www.cvjm-ofterdingen.de/wp01/event/sos-jugendgottesdienst-2022-dezember/">Weiterlesen <span class="meta-nav">&rarr;</span></a></p>
